94 and 132314.
182
What is the highest common factor of 8510 and 64565?
185
Calculate the greatest common factor of 4 and 884120.
4
Calculate the highest common divisor of 18063 and 90.
9
What is the highest common factor of 199 and 16915?
199
What is the greatest common divisor of 245 and 113435?
245
Calculate the greatest common divisor of 616 and 10241.
77
Calculate the highest common factor of 1496 and 177089.
187
Calculate the greatest common factor of 559 and 449780.
43
Calculate the greatest common divisor of 1074 and 3366453.
537
Calculate the greatest common divisor of 775593 and 13.
13
Calculate the highest common factor of 248127 and 219.
219
What is the highest common divisor of 20 and 219580?
20
Calculate the greatest common factor of 103 and 3104214.
103
What is the highest common divisor of 200 and 438475?
25
Calculate the greatest common factor of 680447 and 3363.
1121
What is the highest common divisor of 4527096 and 168?
168
Calculate the greatest common factor of 1572 and 216.
12
Calculate the greatest common factor of 43429 and 26441.
137
What is the greatest common factor of 13489 and 329?
329
What is the greatest common factor of 192500 and 748?
44
What is the highest common divisor of 1216 and 114?
38
Calculate the greatest common factor of 8531 and 38165.
449
What is the greatest common factor of 377 and 1711?
29
Calculate the greatest common divisor of 2552 and 932756.
1276
Calculate the highest common factor of 93 and 27311.
31
Calculate the highest common divisor of 91 and 889616.
91
Calculate the highest common divisor of 7476 and 819.
21
What is the highest common factor of 1319142 and 4345?
869
What is the greatest common factor of 399 and 407379?
399
Calculate the greatest common factor of 11583 and 664443.
1053
What is the greatest common factor of 6708 and 156?
156
What is the highest common divisor of 589 and 1349?
19
What is the greatest common factor of 98 and 63259?
49
What is the greatest common factor of 204 and 710364?
12
What is the greatest common divisor of 2215 and 258712?
443
What is the highest common divisor of 41067 and 8775?
351
Calculate the greatest common divisor of 6370 and 138229.
637
Calculate the greatest common factor of 205219 and 57.
19
What is the highest common divisor of 22592 and 800?
32
What is the greatest common factor of 207 and 13377789?
207
What is the greatest common divisor of 164 and 205123?
41
What is the greatest common factor of 3968 and 9238?
62
Calculate the highest common divisor of 130410 and 360.
90
What is the greatest common divisor of 930 and 225?
15
Calculate the greatest common factor of 243 and 4.
1
Calculate the highest common factor of 180540 and 4956.
708
What is the highest common factor of 4453 and 5?
1
What is the highest common divisor of 186 and 74586?
186
What is the highest common factor of 546706 and 190?
38
Calculate the highest common factor of 1058 and 5022855.
529
What is the greatest common divisor of 2248 and 14893?
281
Calculate the highest common divisor of 4598 and 46816.
418
What is the highest common factor of 3685660 and 880?
220
What is the greatest common factor of 17871 and 14973?
483
What is the highest common divisor of 1151085 and 780?
195
What is the highest common factor of 81308 and 328?
4
What is the highest common divisor of 113463 and 63?
63
Calculate the highest common factor of 9648 and 576.
144
Calculate the highest common factor of 308 and 890582.
154
Calculate the highest common divisor of 18350 and 75.
25
What is the highest common divisor of 2308 and 301771?
577
What is the greatest common factor of 2304 and 11712?
192
Calculate the highest common factor of 7457 and 41.
1
What is the greatest common divisor of 20 and 1363230?
10
What is the highest common divisor of 54 and 3537?
27
What is the greatest common divisor of 37438 and 46?
2
Calculate the highest common factor of 1329877 and 277.
277
Calculate the highest common divisor of 6378 and 90.
6
Calculate the greatest common factor of 225 and 120.
15
What is the highest common factor of 192 and 1394400?
96
Calculate the greatest common factor of 433515 and 30.
15
What is the greatest common divisor of 152685 and 270?
135
What is the greatest common divisor of 211848 and 1638?
546
Calculate the greatest common divisor of 22755 and 95.
5
What is the greatest common factor of 48 and 2861862?
6
Calculate the greatest common divisor of 14161 and 98.
49
Calculate the highest common divisor of 36 and 44082.
18
What is the greatest common factor of 26772 and 31188?
276
What is the highest common divisor of 2635 and 4675?
85
What is the highest common divisor of 9093 and 1659?
21
What is the greatest common factor of 26 and 407095?
13
Calculate the greatest common factor of 91 and 64441.
13
What is the highest common divisor of 290766 and 602?
602
What is the highest common factor of 8 and 94960?
8
Calculate the greatest common divisor of 102 and 938298.
102
Calculate the greatest common divisor of 77 and 11671.
11
What is the greatest common divisor of 42780 and 120?
60
Calculate the highest common factor of 149240 and 10.
10
What is the highest common divisor of 1569172 and 1672?
836
What is the greatest common divisor of 1183686 and 84?
42
What is the highest common factor of 165008 and 18?
2
What is the greatest common factor of 26 and 199147?
13
What is the highest common divisor of 13298 and 55510?
122
Calculate the highest common divisor of 2944 and 1541.
23
What is the greatest common factor of 7788 and 1628?
44
What is the greatest common divisor of 204259 and 3751?
341
What is the highest common factor of 677 and 979619?
677
Calculate the highest common divisor of 20118 and 12.
6
Calculate the greatest common factor of 95730 and 60.
30
What is the highest common factor of 5811 and 1664?
13
Calculate the highest common divisor of 7280 and 259.
7
What is the greatest common divisor of 2767346 and 1556?
778
What is the greatest common factor of 2191249 and 471?
157
What is the greatest common factor of 105 and 31857?
21
What is the greatest common divisor of 11970 and 2250?
90
Calculate the highest common divisor of 35 and 283405.
5
What is the greatest common factor of 2960 and 5365?
185
What is the highest common factor of 24 and 5934?
6
What is the highest common factor of 6 and 5042?
2
What is the greatest common factor of 1518 and 4411?
11
Calculate the greatest common factor of 9 and 712809.
9
What is the greatest common divisor of 23186 and 14?
2
What is the highest common factor of 9 and 1446051?
3
Calculate the highest common factor of 9000 and 20750.
250
What is the highest common factor of 102 and 272000?
34
Calculate the highest common divisor of 30 and 9018.
6
What is the greatest common factor of 68589 and 9?
9
Calculate the greatest common divisor of 165988 and 68.
68
Calculate the highest common factor of 41 and 436691.
41
What is the greatest common divisor of 220 and 128172?
44
Calculate the highest common divisor of 4343 and 17071.
43
What is the highest common divisor of 3275 and 254795?
655
What is the greatest common divisor of 11392480 and 160?
160
Calculate the greatest common factor of 207420 and 130.
10
What is the greatest common divisor of 9210 and 6480?
30
Calculate the highest common factor of 161 and 69391.
161
What is the greatest common factor of 1617 and 570185?
77
What is the greatest common factor of 1780167 and 114?
57
What is the greatest common factor of 636341 and 146?
73
Calculate the highest common factor of 30104 and 2840.
568
What is the greatest common factor of 8850 and 2700?
150
Calculate the highest common factor of 3609 and 792.
9
What is the highest common divisor of 35 and 22505?
35
What is the greatest common factor of 112 and 106162?
14
What is the greatest common divisor of 1414 and 5959?
101
Calculate the highest common factor of 115 and 1840.
115
What is the highest common factor of 72915 and 5?
5
What is the greatest common divisor of 27161 and 1903?
173
What is the greatest common divisor of 162 and 475389?
81
Calculate the greatest common factor of 531 and 318.
3
What is the greatest common factor of 35 and 14511?
7
Calculate the greatest common factor of 224975 and 50.
25
Calculate the highest common fa